= 0. Let q(g) = g - 1. What is the units digit of q(z)?
1
Suppose -2 = -a + 2, -i + a - 2 = 0. Suppose -i*w = 3*w - 5*s - 75, 3*w - 44 = 2*s. What is the units digit of w?
4
Let r be (-26)/(-8) + (-8)/32. What is the tens digit of -7 + r + 44 + 4?
4
Let w(p) = -p**3 - 5*p**2 - 4*p + 5. Let x be w(-4). Suppose x*n - 7 = 3. What is the units digit of n?
2
Let g(y) = 9*y**2 - 2*y - 9. What is the tens digit of g(3)?
6
Suppose -2*r + 15 = r. Let t(f) = f**3 + 13*f**2 - f - 1. Let s be t(-13). Suppose s = r*y - y. What is the units digit of y?
3
Let r(z) = -4*z - 6. Suppose 3*i + 1 = -o, 2*o + 10 = -3*i - 1. What is the tens digit of r(o)?
3
Let t = 193 + -47. What is the tens digit of t?
4
Let r(b) = 17*b**3 - b. What is the units digit of r(1)?
6
Suppose 7*r - 16 = 3*r, 0 = k + 4*r - 38. Let f = k + -11. What is the units digit of f?
1
Let s be (-242)/(-14) + (-4)/14. Suppose 4*b + 3*o - 4*o - s = 0, 5 = -5*b - 4*o. What is the units digit of b?
3
Suppose -3*n - 4*u = -2*u - 10, -4*u = 3*n - 2. Let i(x) = x**2 - 2*x - 7. What is the tens digit of i(n)?
1
Let h(l) = -4 - 13 - 10 - 9*l + 5. What is the units digit of h(-8)?
0
Suppose 5*b + 3 = -2*f, b = 4*b - 3*f + 6. Let q be 14*(b + 9/6). Let x = -4 + q. What is the units digit of x?
3
Suppose 0 = c + 3*f - 177, -3*c = -2*c - f - 165. What is the hundreds digit of c?
1
Suppose 6 = -0*y + 3*y. Suppose y*l = 3*l. Suppose l*v = -v + 12. What is the tens digit of v?
1
Suppose -4*q - 38 = -162. What is the tens digit of q?
3
Let x(z) = z**2 - 4*z + 2. What is the units digit of x(5)?
7
Suppose u - 2*u = -4. Suppose 53 = u*j - 43. Suppose 2*l - j = -2*l. What is the units digit of l?
6
Suppose 37*x + 75 = 40*x. What is the units digit of x?
5
Let t(u) = -3*u - 9. What is the tens digit of t(-7)?
1
Suppose -10*a = -14*a + 92. What is the tens digit of a?
2
Let k be (0 + 2)/(-2) + 3. Suppose 5*z + 9 = -k*x + 3*x, 0 = 3*x + z - 11. Suppose -8 = -x*m - q + 10, 0 = -2*m + 5*q - 2. What is the units digit of m?
4
Let k(l) = l**3 + 7*l**2 - 9*l - 5. Let u be -12*(-3 - 11/(-3)). What is the units digit of k(u)?
3
Let b be -2 - (-11 - -2) - 3. Suppose o + b*c = 25, -2*o + 20 = 2*c - 0. Suppose 4*p - 92 = -5*k, -o*p - 2*k + 4*k = -82. What is the tens digit of p?
1
Let x(l) = l**2 + 5*l + 6. Suppose -t - 5*q + 29 = 0, -6 = 2*t - 6*t + 2*q. Suppose s + 0*s = -t. What is the units digit of x(s)?
2
Let b = -23 - -33. Let f = 20 - b. What is the units digit of f?
0
Suppose 47 = 2*a - 3*c, 48 = 4*a - 2*a - 4*c. What is the units digit of a?
2
Let c = 8 + -4. Let w(d) = -d**3 + 5*d**2 - 3*d + 6. Let l be w(c). Let i = l - 4. What is the units digit of i?
6
Suppose -34 = -3*g + g. Let x = -14 + g. What is the units digit of x?
3
Let i be 0*(-1)/(6/3). Suppose i = 5*w - 3*w - 6. What is the units digit of 21/(-2)*(-2)/w?
7
Let n(p) = -6*p**2 - 9*p - 7. Let k(q) = 5*q**2 + 9*q + 7. Let l(d) = -7*k(d) - 6*n(d). What is the tens digit of l(11)?
1
Suppose -4*g + 49 = -7. Let b be 2/(-7) + (-38)/g. What is the units digit of (2 - (1 + b))/2?
2
Let z(c) = c**3 + 4*c**2 - 7*c - 5. Let f be z(-5). Suppose -n + 9 = -f. What is the tens digit of n?
1
Let c(t) = 4*t**2. What is the units digit of c(-2)?
6
Suppose -4*h + 50 = -2*d, d - h = 3*h - 15. Let o be (-2)/(-7) + 10/d. Suppose -8*g + 3*g + 5 = o. What is the units digit of g?
1
Let h be (-17)/(-34)*(0 - 10). Let f(t) = -t**3 - 5*t**2 - 5*t + 4. What is the units digit of f(h)?
9
Suppose -24 = 5*t - 4. Let g = t + 5. What is the units digit of g?
1
Suppose 102 = l + 5*l. What is the tens digit of l?
1
Let m = -12 - -5. Let j(n) = n + 8. What is the units digit of j(m)?
1
Let u(y) = -y**3 - 12*y**2 - 5*y + 1. Let h be u(-12). Suppose -h = -4*r - 4*i - 5, 4*i - 38 = -2*r. What is the units digit of r?
9
Let c = 14 - -2. Suppose -4*r = f - 22, -3*f + 4*f - c = -3*r. What is the units digit of r?
6
Suppose 2*h + 2 = -5*o + 30, -2*o + 8 = 0. Suppose h*a - 75 = -a. What is the units digit of a?
5
Suppose 4*r + 4 = -4*v - 4, 5*r + 3*v + 2 = 0. Suppose 0 = -5*s - r + 7. What is the units digit of s?
1
Let o = 231 + 76. What is the tens digit of o?
0
What is the units digit of (6/(-9))/((-4)/54)?
9
Let p = 7 - 3. Let j = p - 10. What is the tens digit of 6*2 + j + 5?
1
Suppose -3*w + 57 = -5*v, 2*v - 4*v - 48 = -3*w. What is the units digit of w?
4
Let s(j) = j**3 - 6*j**2 + 6*j - 7. What is the tens digit of s(6)?
2
Let u(n) = 1 + 5*n**2 - 3 + n - n**2. Let q be (24/(-9) - -2)*-3. What is the units digit of u(q)?
6
Let w(q) = 10*q - 14. What is the tens digit of w(10)?
8
Suppose -108 = -6*m - 0*m. What is the units digit of m?
8
Let w(t) = 4*t - 23. Let l(p) = -p + 8. Let a(k) = -17*l(k) - 6*w(k). Let o be a(-2). Suppose 2*f - 4*f = -o. What is the units digit of f?
8
Let u(l) = 16*l + 4. What is the units digit of u(3)?
2
Let m be 46/11 - 2/11. Suppose 0 = -2*z - m*z + 192. What is the tens digit of z?
3
Suppose -w = -2*w + 9. Let m be 2/(-3) - 48/w. Let y = m + 13. What is the units digit of y?
7
Let y be (0 - 30 - -1)/(-1). Suppose 2*i = 2*z - 3*z + y, -5*z = 4*i - 115. Suppose -3*w + z = -4*c, -c + 0 = 5*w - 1. What is the units digit of w?
1
Suppose -3*h + 4*r = 63, 5*h - 3*r = -2*r - 122. Let s = 37 + h. What is the units digit of s?
2
Let m be 1/(3/(-2))*51. What is the units digit of m/(-2) - (-1 + 1)?
7
Let u(r) = -8 + 0*r**2 + 2*r - 3*r + 5*r + r**2. What is the units digit of u(-6)?
4
Suppose -230 = 10*h - 15*h. What is the tens digit of h?
4
Suppose 2*q + 3*d - 13 - 1 = 0, 3*q + 4*d = 19. Let z(i) = 9*i**3 - 2*i**2 + i. What is the units digit of z(q)?
8
Suppose -1 = 2*d + b - 9, 5*d = -3*b + 20. Suppose -u - 6*l + 15 = -4*l, -2*l + 54 = d*u. What is the units digit of u?
3
Let t = 1 - -1. Suppose 3*b + 5*j + 13 = b, -t*b - 2*j - 10 = 0. Let m = b - -7. What is the units digit of m?
3
Let y(g) = g**2 - 1. Let t be y(2). What is the tens digit of (-3 + 0)*(-29)/t?
2
Suppose c + 0*c - 6 = 0. Suppose -c*g - 10 = -g. Let w = g - -7. What is the units digit of w?
5
Let o(u) = -u**2 + 8*u - 3. Let h = 1 + 4. What is the units digit of o(h)?
2
Let y = -147 - -412. What is the units digit of y?
5
Let f be (-11 + 9)*3/(-2). Suppose -z = f*y - 10 - 6, -156 = -5*z + 4*y. What is the units digit of z?
8
Suppose -4*c + 1472 = 2*n - 3*n, 5*n = -3*c + 1081. What is the hundreds digit of c?
3
Suppose -j + 4 = -2*y + 44, 2*y - 5*j = 48. What is the units digit of y?
9
Let r(d) = -d**3 + 7*d**2 - 3*d - 2. Let b be r(6). Suppose 2*t - 3*h - b = h, -16 = -3*t + 4*h. Suppose t*a = -5*a + 20. What is the units digit of a?
4
Let r(i) = 57*i - 6. What is the units digit of r(4)?
2
Let w(q) = 19*q**2 - q - 1. What is the tens digit of w(-1)?
1
Suppose -2*g + 2 = -2*x + 8, 20 = 5*g + 2*x. Suppose -2*r = -3 - 1. Suppose -r - 8 = -g*l. What is the units digit of l?
5
Let h = -99 - -146. What is the units digit of h?
7
Let q = 3 + 5. What is the units digit of q?
8
Suppose -4*c + 219 + 181 = 5*s, 2*c + 4*s = 206. What is the tens digit of c?
9
Let c = -3 + 7. Suppose 3*d + 6 = -3*p, 4*p + c = 3*p. What is the units digit of d?
2
Suppose 3*f + 1504 = 11*f. What is the tens digit of f?
8
Let l = 5 - 0. Suppose -p - l = 4*p - 3*c, 0 = -4*p + 3*c - 7. Suppose 3*r = -w - 6 + 1, -p*r = 5*w - 40. What is the tens digit of w?
1
What is the units digit of ((-817)/38)/(1/(-2))?
3
Let t be (-5)/(10/(-113))*2. Let j = t + -73. What is the tens digit of j?
4
Suppose 0*p - 2*p + 17 = 3*n, -5*n + 26 = p. Let x = n - 2. What is the units digit of x?
3
Let u(o) = -o**3 - 10*o**2 - 2*o - 9. Let a(y) = y**2 + 1. Let v(k) = 6*a(k) + u(k). What is the units digit of v(-4)?
5
Suppose 5*j - 112 = 228. What is the units digit of (j/(-6))/(3/(-9))?
4
Suppose -3*n = 5*b - 460, 4*n - 369 = -4*b + 255. What is the tens digit of n?
6
Let o(s) = -s**3 + s**2 + 3*s + 3. Let a be o(3). Let z = a - -14. Suppose -y = -b + 11 + z, -2*b + 5*y + 41 = 0. What is the tens digit of b?
1
Let s(x) = x**2 + 2*x - 16. What is the units digit of s(-10)?
4
Let w = -8 - -15. Suppose -w*x = -4*x - 3. What is the units digit of x?
1
Suppose -2*h - 2*t = -144, 5*h + 22 = -4*t + 384. What is the units digit of h?
4
Suppose r = -3*r + 20, -m + 42 = r. What is the tens digit of m?
3
Let q(w) = 7*w**3 + 2*w**2 - 1. Let j be q(-1). Let f = j - -7. W